{"id":89,"date":"2022-07-16T17:37:33","date_gmt":"2022-07-16T15:37:33","guid":{"rendered":"http:\/\/www.hort-buntstifte.de\/wp22\/?page_id=89"},"modified":"2022-10-08T17:38:29","modified_gmt":"2022-10-08T15:38:29","slug":"spenden","status":"publish","type":"page","link":"https:\/\/www.hort-buntstifte.de\/wp22\/spenden\/","title":{"rendered":"Spenden"},"content":{"rendered":"\n<p>Unser Verein finanziert sich sowohl aus Elternbeitr\u00e4gen als auch aus F\u00f6rderungen der Stadt M\u00fcnchen. Nur durch diese beiden S\u00e4ulen, verbunden mit dem gro\u00dfen Engagement von Eltern und Erziehern, kann der normale Hortbetrieb funktionieren. Gr\u00f6\u00dfere Projekte wie z.B. der Bau einer Hochebene, eine l\u00e4rmd\u00e4mmende Decke, die Anschaffung einer Werkbank oder der Bau einer N\u00e4hwerkstatt&nbsp;stellen den Verein dennoch immer wieder vor finanzielle Herausforderungen. Vor allem mit der neuen Hofgestaltung und der Anschaffung diverser Spielger\u00e4te stand der Verein vor gro\u00dfen finanziellen Aufgaben.<\/p>\n\n\n\n<p>Ihr k\u00f6nnt uns helfen und den Verein mit Spenden unterst\u00fctzen. Nat\u00fcrlich stellen wir Euch gerne eine Spendenquittung aus &#8211; nutzt hierf\u00fcr unser <a href=\"https:\/\/www.hort-buntstifte.de\/wp22\/spendenquittung-anfragen\/\" data-type=\"page\" data-id=\"172\"><strong>Spendenformular<\/strong><\/a>.<\/p>\n\n\n\n<p><div><form action=\"https:\/\/www.paypal.com\/donate\" method=\"post\" target=\"_top\">\n<input type=\"hidden\" name=\"hosted_button_id\" value=\"SPHY7DKXJSDDQ\">\n<input type=\"image\" src=\"https:\/\/www.paypalobjects.com\/de_DE\/DE\/i\/btn\/btn_donateCC_LG.gif\" border=\"0\" name=\"submit\" title=\"PayPal - The safer, easier way to pay online!\" alt=\"Spenden mit dem PayPal-Button\">\n<img loading=\"lazy\" decoding=\"async\" alt=\"\" border=\"0\" src=\"https:\/\/www.paypal.com\/de_DE\/i\/scr\/pixel.gif\" width=\"1\" height=\"1\">\n<\/form>\n<\/div><\/p>\n\n\n\n<h4 class=\"wp-block-heading\">Beispiel: Spendenfinanziertes Projekt &#8222;Unser sch\u00f6ner Hof&#8220;<\/h4>\n\n\n\n<p>Bewegung statt Beton! Unter diesem Motto wurde im Fr\u00fchjahr\/Sommer 2018 unser trister Innenhof in eine begr\u00fcnte Spiel- und Bewegungsfl\u00e4che umgebaut. Da die Anschaffung der notwendigen Spiel- und Sportger\u00e4te nicht mit \u00f6ffentlichen Mitteln gef\u00f6rdert wurde, waren wir als Verein hier auf Spenden angewiesen.<\/p>\n\n\n\n<figure class=\"wp-block-image size-large\"><img loading=\"lazy\" decoding=\"async\" width=\"1024\" height=\"683\" src=\"https:\/\/www.hort-buntstifte.de\/wp22\/wp-content\/uploads\/2022\/08\/hof-1024x683.jpg\" alt=\"\" class=\"wp-image-135\" srcset=\"https:\/\/www.hort-buntstifte.de\/wp22\/wp-content\/uploads\/2022\/08\/hof-1024x683.jpg 1024w, https:\/\/www.hort-buntstifte.de\/wp22\/wp-content\/uploads\/2022\/08\/hof-300x200.jpg 300w, https:\/\/www.hort-buntstifte.de\/wp22\/wp-content\/uploads\/2022\/08\/hof-768x512.jpg 768w, https:\/\/www.hort-buntstifte.de\/wp22\/wp-content\/uploads\/2022\/08\/hof-1536x1024.jpg 1536w, https:\/\/www.hort-buntstifte.de\/wp22\/wp-content\/uploads\/2022\/08\/hof-2048x1365.jpg 2048w\" sizes=\"auto, (max-width: 1024px) 100vw, 1024px\" \/><\/figure>\n\n\n\n<figure class=\"wp-block-image size-large\"><img loading=\"lazy\" decoding=\"async\" width=\"1024\" height=\"683\" src=\"https:\/\/www.hort-buntstifte.de\/wp22\/wp-content\/uploads\/2022\/08\/hof2-1024x683.jpg\" alt=\"\" class=\"wp-image-136\" srcset=\"https:\/\/www.hort-buntstifte.de\/wp22\/wp-content\/uploads\/2022\/08\/hof2-1024x683.jpg 1024w, https:\/\/www.hort-buntstifte.de\/wp22\/wp-content\/uploads\/2022\/08\/hof2-300x200.jpg 300w, https:\/\/www.hort-buntstifte.de\/wp22\/wp-content\/uploads\/2022\/08\/hof2-768x512.jpg 768w, https:\/\/www.hort-buntstifte.de\/wp22\/wp-content\/uploads\/2022\/08\/hof2-1536x1024.jpg 1536w, https:\/\/www.hort-buntstifte.de\/wp22\/wp-content\/uploads\/2022\/08\/hof2-2048x1365.jpg 2048w\" sizes=\"auto, (max-width: 1024px) 100vw, 1024px\" \/><\/figure>\n\n\n\n<p>Herzlichen Dank unseren gro\u00dfz\u00fcgigen Unterst\u00fctzern:<\/p>\n\n\n\n<ul class=\"wp-block-list\"><li>M\u00fcnchner Bank eG<\/li><li>interhyp Baufinanzierung<\/li><li>Landeshauptstadt M\u00fcnchen, Bezirksausschuss 6 <\/li><li>BayWa Stiftung<\/li><\/ul>\n\n\n\n<div class=\"wp-block-columns is-layout-flex wp-container-core-columns-is-layout-9d6595d7 wp-block-columns-is-layout-flex\">\n<div class=\"wp-block-column is-layout-flow wp-block-column-is-layout-flow\"><\/div>\n\n\n\n<div class=\"wp-block-column is-layout-flow wp-block-column-is-layout-flow\"><\/div>\n<\/div>\n\n\n\n<div class=\"wp-block-columns are-vertically-aligned-center is-layout-flex wp-container-core-columns-is-layout-9d6595d7 wp-block-columns-is-layout-flex\">\n<div class=\"wp-block-column is-vertically-aligned-center is-layout-flow wp-block-column-is-layout-flow\"><\/div>\n\n\n\n<div class=\"wp-block-column is-vertically-aligned-center is-layout-flow wp-block-column-is-layout-flow\"><\/div>\n<\/div>\n","protected":false},"excerpt":{"rendered":"<p>Unser Verein finanziert sich sowohl aus Elternbeitr\u00e4gen als auch aus F\u00f6rderungen der Stadt M\u00fcnchen. Nur durch diese beiden S\u00e4ulen, verbunden mit dem gro\u00dfen Engagement von Eltern und Erziehern, kann der normale Hortbetrieb funktionieren. Gr\u00f6\u00dfere Projekte wie z.B. der Bau einer &hellip; <\/p>\n","protected":false},"author":1,"featured_media":0,"parent":0,"menu_order":0,"comment_status":"closed","ping_status":"closed","template":"","meta":{"footnotes":""},"class_list":["post-89","page","type-page","status-publish","hentry"],"_links":{"self":[{"href":"https:\/\/www.hort-buntstifte.de\/wp22\/wp-json\/wp\/v2\/pages\/89","targetHints":{"allow":["GET"]}}],"collection":[{"href":"https:\/\/www.hort-buntstifte.de\/wp22\/wp-json\/wp\/v2\/pages"}],"about":[{"href":"https:\/\/www.hort-buntstifte.de\/wp22\/wp-json\/wp\/v2\/types\/page"}],"author":[{"embeddable":true,"href":"https:\/\/www.hort-buntstifte.de\/wp22\/wp-json\/wp\/v2\/users\/1"}],"replies":[{"embeddable":true,"href":"https:\/\/www.hort-buntstifte.de\/wp22\/wp-json\/wp\/v2\/comments?post=89"}],"version-history":[{"count":11,"href":"https:\/\/www.hort-buntstifte.de\/wp22\/wp-json\/wp\/v2\/pages\/89\/revisions"}],"predecessor-version":[{"id":213,"href":"https:\/\/www.hort-buntstifte.de\/wp22\/wp-json\/wp\/v2\/pages\/89\/revisions\/213"}],"wp:attachment":[{"href":"https:\/\/www.hort-buntstifte.de\/wp22\/wp-json\/wp\/v2\/media?parent=89"}],"curies":[{"name":"wp","href":"https:\/\/api.w.org\/{rel}","templated":true}]}}