{"id":7,"date":"2022-02-02T22:43:58","date_gmt":"2022-02-02T21:43:58","guid":{"rendered":"http:\/\/www.hort-buntstifte.de\/wp22\/?page_id=7"},"modified":"2026-02-01T22:10:16","modified_gmt":"2026-02-01T21:10:16","slug":"buntstifte","status":"publish","type":"page","link":"https:\/\/www.hort-buntstifte.de\/wp22\/","title":{"rendered":"Buntstifte"},"content":{"rendered":"\n<h1 class=\"wp-block-heading\" id=\"herzlich-willkommen\">Herzlich Willkommen bei den Buntstiften e.V.<\/h1>\n\n\n\n<h2 class=\"wp-block-heading\" id=\"elterninitiativhort-fur-schulkinder\">Elterninitiativhort f\u00fcr Schulkinder<\/h2>\n\n\n\n<p id=\"elterninitiativhort-fur-schulkinder\"><\/p>\n\n\n\n<div class=\"wp-block-group\"><div class=\"wp-block-group__inner-container is-layout-constrained wp-block-group-is-layout-constrained\">\n<p>Unser Hort ist mehr als nur ein Ort f\u00fcr Grundschulkinder &#8211; es ist ein zweites Zuhause, in dem sie lernen, wie man in einer Gemeinschaft lebt und sich sozial engagiert, w\u00e4hrend sie ihre eigenen St\u00e4rken erkennen und entfalten.<\/p>\n<\/div><\/div>\n\n\n\n<p>Die Buntstifte e.V. gibt es schon seit 1991. Seit 2009 sind wir in unseren R\u00e4umen in der Implerstra\u00dfe zu finden und seit Herbst 2016 haben wir Nachbarr\u00e4ume angemietet, um die Buntstifte-Familie zu vergr\u00f6\u00dfern und eine zweite Hortgruppe zu schaffen. In einem Vorschlags- und Auswahlprozess haben sich die Kinder f\u00fcr folgende Hortgruppennamen entschieden: \u201eKetchup\u201c und \u201eMayo\u201c.<\/p>\n\n\n\n<p><br>Beide Gruppen haben die gleichen \u00d6ffnungs- und Schlie\u00dfzeiten, feiern gemeinsame Feste und unternehmen zusammen Ausfl\u00fcge. Dennoch wird die famili\u00e4re Atmosph\u00e4re gewahrt. Die Teams beider Gruppen tauschen sich regelm\u00e4\u00dfig aus und arbeiten kooperativ&nbsp;zusammen.<\/p>\n\n\n\n<div class=\"wp-block-buttons has-custom-font-size has-medium-font-size is-content-justification-center is-layout-flex wp-container-core-buttons-is-layout-16018d1d wp-block-buttons-is-layout-flex\">\n<div class=\"wp-block-button is-style-fill\"><a class=\"wp-block-button__link has-black-color has-text-color has-background wp-element-button\" href=\"https:\/\/www.hort-buntstifte.de\/wp22\/freie-stellen\/\" style=\"border-radius:28px;background-color:#fdc800\">! freie Stellen !<\/a><\/div>\n<\/div>\n\n\n\n<div class=\"wp-block-columns is-layout-flex wp-container-core-columns-is-layout-9d6595d7 wp-block-columns-is-layout-flex\">\n<div class=\"wp-block-column is-vertically-aligned-center is-layout-flow wp-block-column-is-layout-flow\">\n<figure class=\"wp-block-image size-full is-resized\"><img loading=\"lazy\" decoding=\"async\" width=\"591\" height=\"273\" src=\"https:\/\/www.hort-buntstifte.de\/wp22\/wp-content\/uploads\/2023\/03\/bildung_sport-gefoerdert.jpg\" alt=\"\" class=\"wp-image-293\" style=\"width:300px\" srcset=\"https:\/\/www.hort-buntstifte.de\/wp22\/wp-content\/uploads\/2023\/03\/bildung_sport-gefoerdert.jpg 591w, https:\/\/www.hort-buntstifte.de\/wp22\/wp-content\/uploads\/2023\/03\/bildung_sport-gefoerdert-300x139.jpg 300w\" sizes=\"auto, (max-width: 591px) 100vw, 591px\" \/><\/figure>\n<\/div>\n\n\n\n<div class=\"wp-block-column is-vertically-aligned-center is-layout-flow wp-block-column-is-layout-flow\">\n<figure class=\"wp-block-image size-medium\"><img loading=\"lazy\" decoding=\"async\" width=\"300\" height=\"188\" src=\"https:\/\/www.hort-buntstifte.de\/wp22\/wp-content\/uploads\/2022\/09\/image-1-300x188.jpg\" alt=\"\" class=\"wp-image-187\" srcset=\"https:\/\/www.hort-buntstifte.de\/wp22\/wp-content\/uploads\/2022\/09\/image-1-300x188.jpg 300w, https:\/\/www.hort-buntstifte.de\/wp22\/wp-content\/uploads\/2022\/09\/image-1.jpg 416w\" sizes=\"auto, (max-width: 300px) 100vw, 300px\" \/><\/figure>\n<\/div>\n<\/div>\n","protected":false},"excerpt":{"rendered":"<p>Herzlich Willkommen bei den Buntstiften e.V. Elterninitiativhort f\u00fcr Schulkinder Unser Hort ist mehr als nur ein Ort f\u00fcr Grundschulkinder &#8211; es ist ein zweites Zuhause, in dem sie lernen, wie man in einer Gemeinschaft lebt und sich sozial engagiert, w\u00e4hrend &hellip; <\/p>\n","protected":false},"author":1,"featured_media":0,"parent":0,"menu_order":0,"comment_status":"closed","ping_status":"closed","template":"","meta":{"footnotes":""},"class_list":["post-7","page","type-page","status-publish","hentry"],"_links":{"self":[{"href":"https:\/\/www.hort-buntstifte.de\/wp22\/wp-json\/wp\/v2\/pages\/7","targetHints":{"allow":["GET"]}}],"collection":[{"href":"https:\/\/www.hort-buntstifte.de\/wp22\/wp-json\/wp\/v2\/pages"}],"about":[{"href":"https:\/\/www.hort-buntstifte.de\/wp22\/wp-json\/wp\/v2\/types\/page"}],"author":[{"embeddable":true,"href":"https:\/\/www.hort-buntstifte.de\/wp22\/wp-json\/wp\/v2\/users\/1"}],"replies":[{"embeddable":true,"href":"https:\/\/www.hort-buntstifte.de\/wp22\/wp-json\/wp\/v2\/comments?post=7"}],"version-history":[{"count":35,"href":"https:\/\/www.hort-buntstifte.de\/wp22\/wp-json\/wp\/v2\/pages\/7\/revisions"}],"predecessor-version":[{"id":447,"href":"https:\/\/www.hort-buntstifte.de\/wp22\/wp-json\/wp\/v2\/pages\/7\/revisions\/447"}],"wp:attachment":[{"href":"https:\/\/www.hort-buntstifte.de\/wp22\/wp-json\/wp\/v2\/media?parent=7"}],"curies":[{"name":"wp","href":"https:\/\/api.w.org\/{rel}","templated":true}]}}