{"id":226,"date":"2022-10-19T09:52:55","date_gmt":"2022-10-19T07:52:55","guid":{"rendered":"https:\/\/www.hort-buntstifte.de\/wp22\/?page_id=226"},"modified":"2024-11-10T14:45:43","modified_gmt":"2024-11-10T13:45:43","slug":"oeffnungszeiten-und-preise","status":"publish","type":"page","link":"https:\/\/www.hort-buntstifte.de\/wp22\/oeffnungszeiten-und-preise\/","title":{"rendered":"\u00d6ffnungszeiten und Preise"},"content":{"rendered":"\n<h2 class=\"wp-block-heading\">\u00d6ffnungszeiten und Ferien<\/h2>\n\n\n\n<p>W\u00e4hrend der Schulzeit ist der Hort ge\u00f6ffnet von <strong>Montag bis Donnerstag von 11:15 bis 17:15 Uhr<\/strong>, <strong>Freitags von 11 bis 14:30 Uhr bzw. 17:30 Uhr <\/strong>(im w\u00f6chentlichen Wechsel).<\/p>\n\n\n\n<p>In den Schulferien ist der Hort regul\u00e4r ge\u00f6ffnet von <strong>Montag bis Freitag je 8 Uhr bis 17 Uhr<\/strong>.<\/p>\n\n\n\n<p>In den Weihnachtsferien ist der Hort je nach Bedarf ein bis zwei Wochen geschlossen. In den Pfingstferien ist er meist eine und in den Sommerferien drei Wochen geschlossen. Die Schlie\u00dftage werden zum Schuljahresanfang mit allen Eltern abgestimmt und beschlossen.<\/p>\n\n\n\n<h2 class=\"wp-block-heading\"><strong>Preise <\/strong><\/h2>\n\n\n\n<p>Der Hort ist Montag bis Donnerstag von Schulende bis 17:15 Uhr ge\u00f6ffnet, am Freitag wechseln sich \u00d6ffnungszeiten bis 14.30 bzw. 17.30 Uhr ab.<\/p>\n\n\n\n<p>Es gelten die aktuellen Beitragsregelungen und Erm\u00e4\u00dfigungsm\u00f6glichkeiten der F\u00f6rderrichtlinie EKI-Plus (<a href=\"https:\/\/stadt.muenchen.de\/infos\/kosten-kita-platz.html\" target=\"_blank\" rel=\"noreferrer noopener\">https:\/\/stadt.muenchen.de\/infos\/kosten-kita-platz.html<\/a> bzw. <a href=\"https:\/\/stadt.muenchen.de\/service\/info\/geschaeftsbereich-kita\/10315713\/\" target=\"_blank\" rel=\"noreferrer noopener\">https:\/\/stadt.muenchen.de\/service\/info\/geschaeftsbereich-kita\/10315713\/<\/a>).<\/p>\n\n\n\n<p>Aktuell (Stand 01.09.2024) bel\u00e4uft sich der <strong>regul\u00e4re monatliche Hortbeitrag<\/strong> demnach z.B. f\u00fcr eine Buchungszeit von bis zu 6 Stunden 139,- \u20ac, f\u00fcr eine Buchungszeit von bis zu 5 Stunden 125,- \u20ac.<\/p>\n\n\n\n<p>Zus\u00e4tzlich zahlen die Mitglieder <strong>monatliche<\/strong> <strong>Vereinsbeitr\u00e4ge<\/strong> nach Ma\u00dfgabe eines Beschlusses der Mitgliederversammlung.<\/p>\n\n\n\n<p>Hierzu kommen noch <strong>monatliche<\/strong> <strong>Kosten f\u00fcr Essen<\/strong>.<\/p>\n\n\n\n<p>Kosten f\u00fcr Ferienfreizeitma\u00dfnahmen (freiwillig) werden nach tats\u00e4chlich anfallenden Kosten individuell abgerechnet. Hierf\u00fcr wird monatlich eine Anzahlung von 10,- \u20ac pro Kind geleistet.<br>Hinzu kommen die einmalige Anmeldegeb\u00fchr von 100,- \u20ac und eine Kaution von 300,- \u20ac.<\/p>\n","protected":false},"excerpt":{"rendered":"<p>\u00d6ffnungszeiten und Ferien W\u00e4hrend der Schulzeit ist der Hort ge\u00f6ffnet von Montag bis Donnerstag von 11:15 bis 17:15 Uhr, Freitags von 11 bis 14:30 Uhr bzw. 17:30 Uhr (im w\u00f6chentlichen Wechsel). In den Schulferien ist der Hort regul\u00e4r ge\u00f6ffnet von &hellip; <\/p>\n","protected":false},"author":1,"featured_media":0,"parent":0,"menu_order":0,"comment_status":"closed","ping_status":"closed","template":"","meta":{"footnotes":""},"class_list":["post-226","page","type-page","status-publish","hentry"],"_links":{"self":[{"href":"https:\/\/www.hort-buntstifte.de\/wp22\/wp-json\/wp\/v2\/pages\/226","targetHints":{"allow":["GET"]}}],"collection":[{"href":"https:\/\/www.hort-buntstifte.de\/wp22\/wp-json\/wp\/v2\/pages"}],"about":[{"href":"https:\/\/www.hort-buntstifte.de\/wp22\/wp-json\/wp\/v2\/types\/page"}],"author":[{"embeddable":true,"href":"https:\/\/www.hort-buntstifte.de\/wp22\/wp-json\/wp\/v2\/users\/1"}],"replies":[{"embeddable":true,"href":"https:\/\/www.hort-buntstifte.de\/wp22\/wp-json\/wp\/v2\/comments?post=226"}],"version-history":[{"count":4,"href":"https:\/\/www.hort-buntstifte.de\/wp22\/wp-json\/wp\/v2\/pages\/226\/revisions"}],"predecessor-version":[{"id":392,"href":"https:\/\/www.hort-buntstifte.de\/wp22\/wp-json\/wp\/v2\/pages\/226\/revisions\/392"}],"wp:attachment":[{"href":"https:\/\/www.hort-buntstifte.de\/wp22\/wp-json\/wp\/v2\/media?parent=226"}],"curies":[{"name":"wp","href":"https:\/\/api.w.org\/{rel}","templated":true}]}}